
What is the value of (-2 - -13) + 7 + (13 - 25)?
6
What is the value of -11 + 3 + -4 - -6?
-6
Evaluate -1 - (4 + 1) - (0 - 2).
-4
What is the value of -4 + (-2 - -2) + -1 + 2?
-3
Evaluate 0 + (-4 - (-6 + -2 + 0)).
4
Calculate 7 - (7 - (3 + -9)).
-6
Evaluate 2 + 2 + -6 + 3.
1
Evaluate 6 - (-2 + 1) - (69 - 58).
-4
What is -8 + 4 + 0 + (-1 - -1)?
-4
What is 1 + 7 + (-2 - 2) - -1?
5
Calculate (7 + -21 - -10) + (4 - 1).
-1
What is 3 + -2 - (-7 + 1)?
7
6 + -27 + 11 + 6
-4
-7 - ((24 - 30) + 4 + 1)
-6
What is the value of 71 + -73 - (1 - 2 - -1)?
-2
-19 + 14 + (-1 - -1) + -1
-6
What is -6 + 12 + -3 + -2?
1
What is the value of -11 - -15 - (-1 - -4) - -3?
4
(15 - 7) + (1 - 3)
6
Evaluate 12 + (15 - 27) + (-1 - -7).
6
Evaluate 1 - 4 - (-26 + 14 + 14).
-5
Calculate 7 - (0 - -4 - 3).
6
7 - -3 - (25 - 8)
-7
What is the value of -7 + -2 + 8 + -1?
-2
What is the value of -10 - (-10 - (-2 + -3))?
-5
Calculate 13 - 12 - (-1 - 1).
3
Calculate (5 - 0) + 3 + -1 - 5.
2
1 + -3 - -8 - (-2 - -6)
2
Evaluate 1 - -3 - (15 - (9 - 3)).
-5
Calculate 7 + -2 + -13 - (10 - 24).
6
Evaluate 4 - (16 + -10) - (0 - 4).
2
What is -1 - (-5 + -3) - (-29 - -40)?
-4
(-2 - -2) + 9 + (-1 - 10)
-2
Calculate 23 + -31 - (0 - 2).
-6
Evaluate 4 - 6 - (0 + -5).
3
Evaluate 1 + (3 - 0) + -2.
2
What is the value of 7 + 1 + (3 - (2 - -5))?
4
Calculate 9 - -1 - (8 - 1).
3
Evaluate -3 + (51 - 50 - (0 - 0)).
-2
What is the value of (3 - 7) + -13 + 9?
-8
Evaluate 1 + 2 - (5 + (-2 - -5)).
-5
Calculate -1 + 2 - -1 - (84 - 81).
-1
Evaluate -6 - (-7 - -4) - -3.
0
Calculate 7 - (5 - -4) - 1.
-3
Evaluate 0 - 1 - (6 - (4 - 0)).
-3
Evaluate 18 + 0 + -185 + 173.
6
What is the value of (0 + -4 - -4) + 4?
4
What is the value of -2 + -1 + -14 + -1 + 18?
0
Calculate -1 - (0 - 6 - (13 - 15)).
3
What is the value of 8 + 0 + -17 + 6?
-3
8 + (1 - 6) - -1
4
Calculate -1 - (-5 - (2 - 10)).
-4
Evaluate -31 + 28 + 5 + 3 + -3.
2
What is the value of 14 + -1 - (39 + -33)?
7
-8 + (4 - (10 - 5) - -4)
-5
What is 2 + (-1 - -2) - 3 - 2?
-2
What is (-12 - -15) + (1 + -10 - -2)?
-4
0 - (-9 - (-15 - 1))
-7
3 - (5 - (0 + 0))
-2
Evaluate 2 + 0 + 2 + 1.
5
(-8 - 1) + -81 + 86
-4
Calculate -1 + 8 + (15 - 21).
1
What is the value of -9 - (-1 - 3 - 11)?
6
What is the value of -2 + (-6 - -17) + (-10 - -4)?
3
Calculate -1 - (0 + -4) - (4 + -1).
0
Calculate (5 - 6) + (8 - 7).
0
What is (1 - -2) + -4 - -1?
0
Calculate 8 + (-11 - -9) + -3.
3
What is 0 + 9 + (54 - 56)?
7
What is the value of -7 + 2 + 2 + -3 + 4?
-2
-8 - (9 + -9) - -7
-1
What is the value of 3 + (-11 - (-10 - (-7 - -4)))?
-1
(-4 + 1 + 11 - 2) + -1
5
Calculate -7 + 2 + 6 + -5 + 3.
-1
Calculate -7 - (-20 - -7) - (4 - 1).
3
Evaluate (0 - (8 - 0 - 5)) + 1.
-2
Evaluate 1 + -2 + -7 + 5.
-3
6 + 4 + 2 + -13
-1
What is 1 - (3 + -1 + -2)?
1
What is (-1 + 15 - (-20 + 25)) + -4?
5
What is the value of 4 - (-4 - 3) - 18?
-7
Evaluate 2 + (-4 - 2) + 4 + 3.
3
(5 - (-6 + 10)) + -2
-1
1 - (-10 - -1 - -5)
5
Evaluate (2 - (2 + 2)) + (-2 - 1).
-5
What is the value of (6 + -1 - 8) + 2?
-1
1 - ((-4 - 3 - -1) + 4)
3
What is -7 + 9 + -1 + 1?
2
Evaluate 12 + -11 - (0 + 6).
-5
(-2 - -2) + 1 + (1 - 1)
1
What is -82 + 75 + (-1 - -9)?
1
Evaluate 5 - (-8 + 5 - -6).
2
What is the value of 0 + -4 - (-4 - 1)?
1
What is -106 + 101 - (1 + 2)?
-8
What is the value of 4 - (-2 + 2 - 1)?
5
(1 - -1) + 24 + -25
1
Evaluate 0 + 0 - (-5 - (2 + -5)).
2
What is the value of (-10 - 2 - (-7 + 4)) + 8?
-1
-3 - (-7 - -4) - (-4 + 0)
4
Evaluate 93 - 97 - (-12 - -1).
7
What is the value of (1 - 0 - (-1 - 2)) + 0?
4
What is the value of 107 - 109 - (1 - 6)?
3
Calculate -8 - (-25 - -9) - 6.
2
Calculate (-7 + 0 - 0) + -96 + 96.
-7
What is the value of 3 + -1 + (-11 - -10) + -8?
-7
0 - 5 - (-3 + (-4 - -6))
-4
What is the value of 1 - 3 - (2 - 0)?
-4
Calculate -3 - -5 - (5 - 1).
-2
What is 9 - 21 - (1 + -1 + -5)?
-7
What is 8 + -11 + -2 + (5 - 2)?
-2
What is the value of -1 - (-1 - (4 + -2 - 7))?
-5
What is the value of 6 - (-2 + 11 + -3)?
0
What is (0 + 8 - 2) + (-93 - -88)?
1
What is -6 + (21 - (10 + -1))?
6
Evaluate -4 - ((-2 - -4) + -5 + -1).
0
What is the value of -20 + 33 + (4 + -15 - -4)?
6
What is 7 + 3 + (5 - (15 + -3))?
3
What is 6 + 5 + (-8 - 0)?
3
8 + -7 + -6 + (5 - 0)
0
1 + 5 - ((-10 - -8) + 3)
5
What is 10 + (-2 - 5) + -7?
-4
What is the value of 0 - (1 + -1) - (24 - 24)?
0
What is the value of (0 + -1 - -3) + 0?
2
Calculate 2 + (5 - -1) - 6.
2
Evaluate -3 - (-1 + 13 + -10 + 3).
-8
2 + (2 + -3 - 8)
-7
What is the value of -2 - (7 + -3 + -7 + 7)?
-6
(2 - 3 - 1) + 9 + -12
-5
What is the value of (-4 + 12 - 19) + 12?
1
Evaluate (0 - 1) + 22 + -19.
2
Calculate -6 - (-5 - -3 - 5).
1
(-5 - -2) + (1 - 1)
-3
What is the value of (-2 - (0 - 3)) + (-5 - -8)?
4
Calculate (6 - (1 + 3)) + 3.
5
What is (2 - 6) + -2 + 3 + 0?
-3
2 - (7 + -4 - 1)
0
Evaluate -1 + 5 - (3 - (2 + -3)).
0
What is 17 + -19 - (2 - (-8 + 4))?
-8
(-1 - -9) + 7 + -11
4
Calculate -1 - -1 - (5 + 7 - 9).
-3
What is the value of (7 - 6 - -7) + -4?
4
What is -2 + (-8 - -8) + 4?
2
What is the value of 4 + -11 + 6 + 7 + 0?
6
What is -1 - -3 - (-1 - 0)?
3
(-3 + -1 - -4) + (11 - 14)
-3
Evaluate 42 - 36 - (0 + 2).
4
Evaluate -1 - (0 - (-4 - -6)) - 4.
-3
Evaluate -2 + (2 - 0 - 5).
-5
Evaluate (-5 + 16 - 0) + -2 + 1.
10
What is (8 - 13) + 8 - 12?
-9
Evaluate 1 + 2 + 9 + (12 - 19).
5
8 - 12 - (1 - (-1 - -1))
-5
Evaluate -1 + -4 + (3 - -9) - 1.
6
Evaluate (1 - -2) + 45 + -46 + -1.
1
What is (-38 - -35) + (-1 + -1 - -6)?
1
Evaluate 8 - (1 + (5 - 2)).
4
What is -4 + 7 + 2 - (-8 + 12)?
1
What is (1 - (-7 + 17 + -4)) + 8?
3
What is 8 - (4 + -6 + 3)?
7
(7 - 2 - 6) + (-1 - 0)
-2
What is the value of -6 - -5 - (2 + (-10 - -2))?
5
Calculate -1 + 4 + -6 + 3.
0
Calculate (5 - 1) + -10 - -5.
-1
0 + (7 - 17) + 6
-4
Evaluate (5 - 4) + -7 - -1.
-5
What is 0 - (6 - 3) - -4?
1
What is the value of -17 + 15 - (-1 + 2)?
-3
What is (0 - -1) + 0 + 0?
1
3 + -1 + (6 - (0 - -4))
4
Calculate 0 + -4 + 0 + 0.
-4
What is the value of -16 + 12 + 0 + -4?
-8
6 + -2 - (-7 + 5) - -4
10
What is the value of 0 + -2 - (-2 + (-9 - -4))?
5
What is the value of -2 - (-2 - 1 - (-1 + -2))?
-2
Evaluate ((10 - 4) + -4 - -6) + 1.
9
What is 6 - -8 - -2 - 9?
7
What is -2 - ((1 - -1) + 1 + 0)?
-5
What is the value of 1 + -1 - (13 + -8)?
-5
What is the value of 6 - (6 + 11 + -9)?
-2
What is the value of 5 + -5 + -5 - -7?
2
-3 - 1 - (12 + 6 - 13)
-9
What is 10 - 11 - (-2 + -4 + 1)?
4
What is the value of -1 + 1 + 1 + -4?
-3
What is the value of 8 - (-5 - (-13 + -9))?
-9
What is the value of 10 + (-5 - 15) + 2?
-8
Evaluate -2 + 5 - (3 - 1 - 2).
3
Calculate -4 + 2 + 3 + 4 + -2.
3
What is (5 - 3) + -4 + 1?
-1
What is 4 - (6 - 4 - (4 - -3))?
9
What is -1 + -3 + (9 + -5 - 2)?
-2
Calculate -2 - (-2 - (-4 - -4)).
0
What is the value of 0 - (1 - 7) - 1?
5
Evaluate (-3 - 5) + 4 - -4.
0
1 - -3 - 12 - -12
4
What is the value of -14 + (-3 + -4 - -26)?
5
Calculate -2 + (4 + -2 - -3).
3
What is 0 - -1 - (2 + -5 + 3)?
1
Evaluate (1 - -2) + -11 + 6.
-2
What is -7 + 15 + 1 + -1?
8
3 + (-1 + 5 - 10)
-3
What is 0 - (-18 + 22 - (-2 + 13))?
7
Evaluate 0 + -4 + 4 + 4.
4
(3 - 0) + (4 - (5 - 1))
3
Evaluate -87 + 95 - (11 - 1).
-2
Evaluate 0 - (-1 + (3 - -2)).
-4
What is (8 - 1) + (0 - 3)?
4
Evaluate 0 - (5 - 4) - (-5 - -2).
2
1 + (-4 - 2) + 8
3
(1 - 2) + 0 + (2 - 1)
0
Evaluate 42 + -39 + (2 - 3).
2
Calculate 2 + -3 - (0 + (3 - 1)).
-3
(-3 - 1) + (4 - (1 - -3))
-4
14 + -20 - (2 - (3 - -5))
0
Calculate 7 + (5 - 5) + -4.
3
Calculate 3 + (3 - 5) + -2 + -1.
-2
2 + (0 + -1 - 1)
0
What is the value of 1 + -1 - (0 + (-1 - 0))?
1
Calculate -49 + 42 + 1 + 1.
-5
What is -13 + 5 + 12 - (10 + -1)?
-5
Calculate -3 - (-3 - 4) - (1 + 3).
0
What is the value of (0 - -3) + -2 + 4?
5
-5 + (3 - -6) + -6
-2
What is the value of -3 + -1 - (-6 - 0) - -3?
5
Calculate 0 + (4 - 6) + 1 - -1.
0
What is -3 + 0 + -1 + 1?
-3
Evaluate 13 + (-12 - -1 - -8).
10
What is -5 + 7 - 6 - (2 - 1)?
-5
What is 2 + 2 + -1 + (13 - 12)?
4
Calculate 1 + (-7 - -4) + -3.
-5
What is (3 + -2 - -1) + (1 - 2)?
1
Calculate 4 - 17 - -6 - -6.
-1
Evaluate -3 - (-2 + -2) - -1 - 4.
-2
7 + (9 + -16 - -6)
6
What is the value of -6 + (-2 - -7 - -2) - 1?
0
Evaluate (3 - ((2 - 1) + 8)) + 2.
-4
What is (3 + -6 - -4) + 1?
2
What is the value of -1 - ((-5 + 14 - 14) + 7)?
-3
Calculate -1 + 4 - (3 - 7).
7
Calcul